er when 1 + 1 + (-55)/(-1) is divided by 15.
12
Suppose 3*o - 7*o = 0. Suppose o = -2*h + 17 + 153. What is the remainder when h is divided by 29?
27
Let j(r) = -3*r + 12. Calculate the remainder when 22 is divided by j(0).
10
Let k(p) = 8*p - 2. Let n(w) = w**3 - 6*w**2 - 7*w + 7. Let z be n(7). Suppose 0 = z*h - 9*h + 24. Calculate the remainder when k(3) is divided by h.
10
Calculate the remainder when -3 + -3*206/(-24)*8 is divided by 23.
19
Suppose 0 = -5*r + 2*g - 3*g + 355, 2*g = 3*r - 213. Calculate the remainder when r is divided by 18.
17
Let p(n) = n**2 - 4. Let k be p(-10). Suppose k = 3*f - 108. Calculate the remainder when f is divided by 23.
22
Let l(o) = -2 - 7 + 2 + 8*o - 4*o**2 + 3*o**2. What is the remainder when 22 is divided by l(5)?
6
What is the remainder when 35 is divided by (2/3)/((-5)/(-90))?
11
Calculate the remainder when (18/4)/(-3)*948/(-18) is divided by 20.
19
Let g = 7 - -21. Calculate the remainder when 138 is divided by g.
26
Suppose -5*w = -3*q + 38 - 11, -q = 5*w + 11. Suppose -c - 21 = q*v - 5*v, -2*v - 3*c + 17 = 0. What is the remainder when 45 is divided by v?
13
Let j(f) = -f**3 + 5*f**2 + 5. Let k(x) = -x**3 - 9*x**2 + 21*x. Calculate the remainder when j(4) is divided by k(-11).
10
Let p(h) = h**2 + 5*h + 2. Let s be ((-51)/2)/((-4)/8). Let g be s/(-9) - 2/(-3). Calculate the remainder when 3 is divided by p(g).
1
Suppose z - 5*z - 3*h = 1, 5*z = -4*h - 2. Suppose 0 = -z*o + 52 + 62. What is the remainder when o is divided by 15?
12
Suppose -3*k + 111 = 3*s - 5*s, -2*k - 2*s = -74. Calculate the remainder when k is divided by 13.
11
Suppose 5*d - 242 = 2*g + 115, -3*d - 4*g = -209. What is the remainder when d is divided by 19?
14
Let d = -27 + 44. Let a(r) = -2*r**3 - 6*r**2 - 6*r - 6. Calculate the remainder when a(-4) is divided by d.
16
Let r = 8 + -3. Suppose 142 = r*j - 3*u + 2*u, 54 = 2*j + u. Calculate the remainder when j is divided by (-2)/7 + (-72)/(-7).
8
Let p(h) = -5*h**3 + 2*h**2 - 1. Suppose x + 3 = -2*x. Calculate the remainder when 21 is divided by p(x).
3
Suppose -z - 22 = -3*z + 5*h, 5*z + 3*h = 24. Let k(b) = 2 - 2 - 2*b + 7. Calculate the remainder when k(-5) is divided by z.
5
Suppose -28*s = 100 - 492. Let c(u) = 9*u + 1. Let m be c(-2). Let j = 25 + m. Calculate the remainder when s is divided by j.
6
Suppose -s = 3 - 43. What is the remainder when 197 is divided by s?
37
Let r = 17 + -4. Suppose -4*c = -3*c - 37. Calculate the remainder when c is divided by r.
11
Let a = -4 - -18. What is the remainder when 1 + 39 - (-2 - -2) is divided by a?
12
Suppose 0 = -3*h + 8*h + 5. Calculate the remainder when (-1 + 3 + -20)*h is divided by 5.
3
Let l = 17 - -87. Calculate the remainder when l is divided by 21.
20
Let u(p) = -3*p**2 - 2*p - 2. Let o(s) = 3*s**2 + 2*s + 1. Let n(f) = 6*o(f) + 5*u(f). Calculate the remainder when 65 is divided by n(-3).
14
Let j = 36 + 61. Calculate the remainder when j is divided by 20.
17
Let v = -4 - -9. Let j(d) = d**3 - 5*d**2 + d + 6. Suppose 5*a + 1 = 3*b + 3, -2*b = -3*a. Calculate the remainder when j(v) is divided by b.
5
Let k = 32 + -16. Let p be (-45)/(-12)*(63 + -3). Suppose 5*q - 2*n = p, 0*q = -5*q - n + 240. What is the remainder when q is divided by k?
15
Suppose -5*w + 4*q + 62 = 0, 42 = 6*w - 3*w - 4*q. Calculate the remainder when 39 is divided by w.
9
Suppose -h + 12 = 2*h. Suppose -5*v + 3*o = o - 24, -10 = -3*v - o. Calculate the remainder when h is divided by v.
0
Let m(d) = d**2 + 9*d - 42. Let w(p) = 2*p + 2. Let f be w(6). What is the remainder when m(5) is divided by (-2)/(-2 - 0) + f?
13
Suppose -12 = -4*m + 3*m. Calculate the remainder when m is divided by 8.
4
Suppose 4*i - 48 = -5*x, 3*x - 2*i = 2*i + 48. Calculate the remainder when 80 is divided by x.
8
Suppose -5*h + 100 = 6*g - 3*g, -2*h + 32 = g. Suppose -5*c + 406 = -2*t, c + 4*t - 28 = g. Let p = c + -46. Calculate the remainder when p is divided by 18.
16
Let l = -123 - -128. Calculate the remainder when 8 is divided by l.
3
Let d(r) = r + 16. Calculate the remainder when 7 is divided by d(-13).
1
What is the remainder when (16/(-10))/(4113/(-585) - -7) is divided by 28?
24
Let v = 0 + 0. Suppose 6*b - 5*b - 11 = v. What is the remainder when 20 is divided by b?
9
Let x(y) = y - 1. Let b(j) = 15*j**2 - 6*j + 4. Let p(q) = -b(q) - 5*x(q). Let r be p(2). Calculate the remainder when 4 is divided by 4/14 + r/(-21).
1
Let k = 139 - 80. Calculate the remainder when k is divided by 10.
9
Let z be ((-4)/6)/((-4)/(-30)). Let b = z - -19. What is the remainder when (-636)/8*2/(-3) is divided by b?
11
Suppose 48 = 2*u - 0*u. Calculate the remainder when u is divided by -3 - 0/(2 - 1) - -17.
10
Suppose 2*b = 48 + 74. Suppose o - 27 = -6. What is the remainder when b is divided by o?
19
Suppose -2 = 4*l - 26. Let n(h) = 14*h**2 - 1. What is the remainder when n(1) is divided by ((-28)/6)/((-4)/l)?
6
Suppose -147 = -3*y - 0*y. Let h = -3 + 16. Calculate the remainder when y is divided by h.
10
Let u = -6 - -6. Suppose 2 = 5*m + r + 3*r, u = 5*m - r - 12. Calculate the remainder when 7 is divided by m.
1
Let p = 2 + 5. What is the remainder when 26 is divided by p?
5
Let p = 543 - 376. Let t = p + -99. Calculate the remainder when t is divided by 23.
22
Calculate the remainder when ((-6)/4 - 0)*-12 is divided by 5.
3
Suppose -4*n + 2*m = -m - 33, -3*n + 3*m = -24. Let s(r) = 4*r - 4*r + r - r**3 + 26 - r**2. Calculate the remainder when s(0) is divided by n.
8
Suppose -5*t + 6*t - 2 = 0. Suppose -6 = t*i - 3*i. Calculate the remainder when 16 is divided by i.
4
Suppose 4*v - w = w + 102, 96 = 4*v + 4*w. Suppose -3*n + 0*n = -4*d + 100, -2*n = -d + v. What is the remainder when 97 is divided by d?
22
Suppose 6*l - 86 = 4*l. Let m(f) = 7*f**2 + f + 1. Let z be m(-1). Let y(u) = u**3 - 6*u**2 - 4*u - 10. Calculate the remainder when l is divided by y(z).
10
Let l = -13 - -13. Suppose -f + 55 = -5*q + 156, l = -4*q + f + 81. What is the remainder when 57 is divided by q?
17
Suppose 2*w = 1 + 3. Suppose 18 = f - 5*h, -w*h - 157 = -4*f + h. Suppose -f = -4*b - r - 4*r, 2*r = 6. What is the remainder when 19 is divided by b?
5
Suppose -r + 18 = 2*j - 4*r, -4*r - 13 = j. Let i(q) be the second derivative of q**4/6 - q**2 - 6*q. What is the remainder when i(j) is divided by 6?
4
Let n(f) = -f + 3. What is the remainder when (-58)/((-2 - -4)*-1) is divided by n(-7)?
9
Let n(x) = x + 3. Suppose 0 = -4*k + 4*r - 460, -3*k + 2*k - 121 = -3*r. What is the remainder when (-4)/6 + k/(-24) is divided by n(0)?
1
Suppose 217 = 2*x + 5*x. What is the remainder when 152 is divided by x?
28
Let y = 8 + 23. Calculate the remainder when y is divided by 11.
9
Let r = -4 - -12. Suppose -10 = 2*m - 4*m. What is the remainder when r is divided by m?
3
Suppose b = -4*q - b - 2, -5*q = 2*b. Suppose 5*n - 65 = -5*k, 0*n + 40 = 3*k + q*n. What is the remainder when 40 is divided by k?
12
Suppose -5*d + 2*o + 3*o = -5, 2*d = -4*o - 4. Suppose -5*j + 35 = -d. Calculate the remainder when 27 is divided by j.
6
Suppose -3*v + 78 = l, -250 = -5*l + v + 156. Calculate the remainder when l is divided by 42.
39
Suppose 0 = -7*q + 9*q - 20. Calculate the remainder when 127 is divided by q.
7
Calculate the remainder when 31 is divided by -3*9/(-6)*(6 + -4).
4
Let d(l) = l**2 - 9*l - 4. Let y be d(10). Suppose -55 = -z - 2*n, 4*z - n = -y*n + 217. Calculate the remainder when z is divided by 18.
17
Suppose 18 = 3*n - 24. Let k be (-178)/(-8)*(-16)/(-4). Let u = -63 + k. What is the remainder when u is divided by n?
12
What is the remainder when 99 is divided by -10*(28/(-8) - -1)?
24
What is the remainder when ((-495)/(-6))/(-5)*(-8)/3 is divided by 18?
8
Suppose 2*j + 2*r = -2 + 4, -2*j + 2*r = -10. Suppose j = h - 0. Suppose -4*u + 0*u + 8 = 0. What is the remainder when h is divided by u?
1
Let h(s) be the third derivative of s**5/30 + s**4/24 - s**3/3 - 3*s**2. Calculate the remainder when 7 is divided by h(-2).
3
Suppose 0 = -f - 3*f. Suppose f = -z - 0*z + 47. Calculate the remainder when z is divided by 16.
15
Suppose -88 = -4*h - 4. Let d = h - 9. Calculate the remainder when 33 is divided by d.
9
Let m = 1 + -5. Let h be (-12)/m*(2 - 1). Suppose h*i - 2*p + 4*p = 22, 0 = -2*i + 2*p + 18. Calculate the r